e
Is 840 a multiple of 35?
True
Is 16 a factor of 11925?
False
Does 4 divide 2114?
False
Is 103304 a multiple of 74?
True
Is 1160 a multiple of 12?
False
Is 34657 a multiple of 23?
False
Is 23027 a multiple of 43?
False
Is 12 a factor of 13476?
True
Does 373 divide 92394?
False
Is 42630 a multiple of 319?
False
Is 193 a factor of 6157?
False
Is 4760 a multiple of 12?
False
Is 12289 a multiple of 91?
False
Is 1920 a multiple of 48?
True
Does 51 divide 3366?
True
Is 29016 a multiple of 312?
True
Does 127 divide 8159?
False
Is 4680 a multiple of 4?
True
Is 28548 a multiple of 244?
True
Is 756 a multiple of 18?
True
Does 120 divide 35642?
False
Is 23 a factor of 1610?
True
Is 1372 a multiple of 28?
True
Is 20 a factor of 75486?
False
Is 12 a factor of 3264?
True
Is 36 a factor of 2043?
False
Does 13 divide 1300?
True
Is 3 a factor of 321?
True
Is 805 a multiple of 35?
True
Does 8 divide 3472?
True
Is 29 a factor of 20793?
True
Does 31 divide 4681?
True
Is 25 a factor of 32375?
True
Is 516 a multiple of 34?
False
Is 86 a multiple of 25?
False
Is 696 a multiple of 3?
True
Is 1264 a multiple of 16?
True
Does 2 divide 1563?
False
Does 42 divide 613?
False
Is 12970 a multiple of 69?
False
Is 768 a multiple of 96?
True
Is 899 a multiple of 13?
False
Is 64819 a multiple of 241?
False
Is 134 a factor of 2867?
False
Does 12 divide 578?
False
Is 30 a factor of 489?
False
Is 15 a factor of 1305?
True
Is 3060 a multiple of 20?
True
Does 93 divide 18556?
False
Is 4320 a multiple of 32?
True
Is 396 a multiple of 66?
True
Does 21 divide 331?
False
Does 117 divide 1944?
False
Is 5 a factor of 1685?
True
Does 34 divide 7004?
True
Is 28 a factor of 4469?
False
Is 35 a factor of 840?
True
Is 33 a factor of 417?
False
Is 19 even?
False
Is 1764 a multiple of 49?
True
Is 9 a factor of 20562?
False
Is 2017 a multiple of 73?
False
Is 18040 a multiple of 34?
False
Is 336 a multiple of 3?
True
Is 21 a factor of 1502?
False
Is 266 a multiple of 19?
True
Is 38 a factor of 69?
False
Is 16 a factor of 626?
False
Does 12 divide 328?
False
Does 64 divide 5714?
False
Is 7 a factor of 462?
True
Is 8814 a multiple of 78?
True
Is 9 a factor of 783?
True
Is 30279 a multiple of 11?
False
Does 15 divide 2865?
True
Does 41 divide 3859?
False
Is 6 a factor of 252?
True
Is 14 a factor of 3288?
False
Does 67 divide 42009?
True
Does 5 divide 2595?
True
Is 154 a factor of 3285?
False
Does 61 divide 5673?
True
Does 9 divide 6594?
False
Is 47 a multiple of 2?
False
Is 5506 a multiple of 5?
False
Does 122 divide 6134?
False
Does 9 divide 2944?
False
Is 37 a factor of 759?
False
Does 4 divide 227?
False
Is 53 a factor of 1431?
True
Does 9 divide 2295?
True
Is 104015 a multiple of 102?
False
Does 18 divide 3060?
True
Is 41 a factor of 287?
True
Is 1472 a multiple of 92?
True
Does 13 divide 1805?
False
Does 14 divide 4219?
False
Is 52 a factor of 90084?
False
Is 21709 a multiple of 13?
False
Does 13 divide 130?
True
Is 8994 a multiple of 6?
True
Is 4 a factor of 12?
True
Is 1425 a multiple of 19?
True
Does 29 divide 13166?
True
Is 3089 a multiple of 71?
False
Is 3306 a multiple of 87?
True
Is 8 a factor of 239?
False
Is 16944 a multiple of 16?
True
Is 825 a multiple of 55?
True
Does 132 divide 853?
False
Is 55 a factor of 9350?
True
Is 2061 a multiple of 23?
False
Does 5 divide 1833?
False
Is 4 a factor of 15080?
True
Is 67 a factor of 29773?
False
Does 35 divide 1803?
False
Does 110 divide 86654?
False
Is 19 a factor of 40565?
True
Is 80305 a multiple of 158?
False
Is 11 a factor of 24161?
False
Does 2 divide 479?
False
Is 14760 a multiple of 20?
True
Does 8 divide 4975?
False
Does 89 divide 3676?
False
Is 20 a factor of 50416?
False
Does 17 divide 3737?
False
Is 27 a multiple of 3?
True
Is 139 a factor of 56750?
False
Is 35 a factor of 9194?
False
Is 2000 a multiple of 5?
True
Is 3288 a multiple of 12?
True
Is 31 a factor of 27900?
True
Is 125 a multiple of 11?
False
Is 1767 a multiple of 57?
True
Does 18 divide 1170?
True
Is 1233 a multiple of 10?
False
Is 28 a factor of 196?
True
Is 53 a factor of 2173?
True
Is 3479 a multiple of 50?
False
Is 1112 a multiple of 29?
False
Is 38 a factor of 26752?
True
Is 13 a factor of 370?
False
Is 122 a multiple of 61?
True
Is 15 a factor of 435?
True
Does 94 divide 6818?
False
Is 21 a factor of 84?
True
Is 812 a multiple of 29?
True
Is 8274 a multiple of 6?
True
Is 43 a factor of 34493?
False
Is 20 a factor of 10960?
True
Does 15 divide 944?
False
Is 17 a factor of 4140?
False
Is 11096 a multiple of 73?
True
Is 19394 a multiple of 131?
False
Is 442 a multiple of 26?
True
Does 120 divide 10877?
False
Is 44 a factor of 396?
True
Is 5850 a multiple of 30?
True
Does 72 divide 878?
False
Is 28 a factor of 11409?
False
Does 210 divide 2520?
True
Does 222 divide 11544?
True
Is 79704 a multiple of 36?
True
Is 7388 a multiple of 16?
False
Is 31 a factor of 4223?
False
Does 61 divide 28335?
False
Is 207 a multiple of 2?
False
Is 9 a factor of 144?
True
Does 37 divide 209?
False
Is 42127 a multiple of 162?
False
Is 13 a factor of 13910?
True
Is 353 a factor of 9884?
True
Is 878 a multiple of 9?
False
Does 111 divide 17982?
True
Does 12 divide 4851?
False
Is 584 a multiple of 38?
False
Does 5 divide 1047?
False
Is 4 a factor of 1284?
True
Is 18205 a multiple of 55?
True
Is 73 a factor of 41756?
True
Does 53 divide 1999?
False
Is 161 a multiple of 22?
False
Is 39996 a multiple of 101?
True
Is 1337 a multiple of 5?
False
Does 9 divide 72?
True
Is 17 a factor of 493?
True
Is 113 a multiple of 6?
False
Is 396 a multiple of 33?
True
Does 9 divide 504?
True
Does 4 divide 4429?
False
Is 11 a factor of 21241?
True
Does 24 divide 2832?
True
Does 4 divide 2655?
False
Does 3 divide 47?
False
Is 55 a factor of 22825?
True
Is 7 a factor of 2320?
False
Does 26 divide 20933?
False
Is 14 a factor of 546?
True
Is 37 a factor of 223?
False
Does 6 divide 292?
False
Does 24 divide 840?
True
Is 1834 a multiple of 131?
True
Does 10 divide 8268?
False
Is 41 a factor of 533?
True
Is 16 a factor of 14960?
True
Does 143 divide 35321?
True
Is 16 a factor of 5126?
False
Is 4 a factor of 64?
True
Does 35 divide 70?
True
Does 26 divide 11847?
False
Is 179 a factor of 121004?
True
Is 6868 a multiple of 18?
False
Is 4956 a multiple of 6?
True
Is 3552 a multiple of 16?
True
Does 93 divide 442?
False
Does 226 divide 23402?
False
Is 4050 a multiple of 81?
True
Does 33 divide 3696?
True
Is 364 a multiple of 13?
True
Does 15 divide 43995?
True
Does 14 divide 1700?
False
Is 90476 a multiple of 60?
False
Is 14 a factor of 738?
False
Is 1387 a multiple of 5?
False
Does 9 divide 19560?
False
Is 6 a factor of 142?
False
Does 20 divide 1400?
True
Does 23 divide 565?
False
Does 9 divide 4657?
False
Does 4 divide 238?
False
Is 119 a multiple of 6?
False
Is 73 a factor of 1110?
False
Is 4914 a multiple of 11?
False
Is 12727 a multiple of 89?
True
Is 26 a factor of 609?
False
Is 27 a factor of 3105?
True
Is 21618 a multiple of 146?
False
Does 12 divide 17856?
True
Does 41 divide 21361?
True
Is 34 a factor of 8612?
False
Is 612 a multiple of 20?
False
Does 24 divide 15679?
False
Does 21 divide 672?
True
Is 12 a factor of 9276?
True
Is 14 a factor of 954?
False
Is 34344 a multiple of 108?
True
Is 65849 a multiple of 96?
False
Is 9 a factor of 63?
True
Is 306 a factor of 70549?
False
Is 24 a factor of 953?
False
Does 318 divide 55968?
True
Does 17 divide 340?
True
Is 27 a factor of 5017?
False
Does 49 divide 4801?
False
Is 1745 even?
False
Does 37 divide 336?
False
Does 4 divide 4650?
False
Is 5205 a multiple of 5?
True
Does 6 divide 13200?
True
Does 7 divide 7460?
False
Is 6 a factor of 484?
False
Is 1485 a multiple of 55?
True
Is 84 a factor of 695?
False
Is 1144 a multiple of 88?
True
Does 33 divide 173?
False
Does 4 divide 1664?
True
Is 605 a multiple of 5?
True
Is 80 a factor of 12160?
True
Is 145 a multiple of 29?
True
Is 117 a multiple of 9?
True
Is 14 a factor of 882?
True
Is 79 a factor of 32311?
True
Does 16 divide 24033?
False
Is 1498 a multiple of 112?
False
Does 50 divide 5999?
False
Is 16 a factor of 3421?
False
Is 84 a factor of 453?
False
Does 13 divide 39?
True
Is 4 a factor of 67?
False
Is 6 a factor of 2526?
True
Is 7 a factor of 308?
True
Is 1954 a multiple of 20?
False
Does 7 divide 735?
True
